75995253
What are the prime factors of 1973835660?
2, 3, 5, 17, 1935133
List the prime factors of 195015317.
7, 27859331
List the prime factors of 1033900.
2, 5, 7, 211
List the prime factors of 143755166.
2, 157, 223, 2053
List the prime factors of 761497276.
2, 19, 331, 30271
List the prime factors of 1321807265.
5, 264361453
List the prime factors of 378318553.
6053, 62501
List the prime factors of 5027789731.
5027789731
What are the prime factors of 5391689035?
5, 307, 3512501
What are the prime factors of 31267226?
2, 15633613
What are the prime factors of 100799758?
2, 67, 281, 2677
List the prime factors of 17695045.
5, 17, 179, 1163
What are the prime factors of 84173644?
2, 317, 66383
What are the prime factors of 371870254?
2, 7, 1307, 20323
What are the prime factors of 25387195?
5, 1709, 2971
What are the prime factors of 77770131?
3, 25923377
List the prime factors of 404302165.
5, 23, 3515671
What are the prime factors of 1346007201?
3, 7, 11, 37, 157483
What are the prime factors of 31638889?
1049, 30161
What are the prime factors of 955575155?
5, 31, 71, 2801
List the prime factors of 17970939.
3, 7, 109, 2617
List the prime factors of 46774342.
2, 23387171
List the prime factors of 531525212.
2, 132881303
What are the prime factors of 823918790?
2, 5, 71, 1160449
What are the prime factors of 4291179?
3, 23, 62191
List the prime factors of 47309257.
4013, 11789
What are the prime factors of 555443466?
2, 3, 92573911
What are the prime factors of 254440976?
2, 43, 369827
What are the prime factors of 6930239?
71, 97609
List the prime factors of 980069808.
2, 3, 20418121
What are the prime factors of 720253755?
3, 5, 13, 410401
List the prime factors of 1532568738.
2, 3, 131, 1949833
List the prime factors of 178914260.
2, 5, 7, 19, 67261
What are the prime factors of 2466928667?
7, 17, 2961499
What are the prime factors of 151383328?
2, 4730729
What are the prime factors of 43646642?
2, 13, 1678717
List the prime factors of 557036553.
3, 29, 6402719
What are the prime factors of 51042939?
3, 17014313
List the prime factors of 3147909547.
313, 1061, 9479
List the prime factors of 92374757.
92374757
List the prime factors of 2596995.
3, 5, 19237
List the prime factors of 4441915.
5, 19, 46757
What are the prime factors of 38689431?
3, 11, 1172407
What are the prime factors of 1645852377?
3, 13, 23, 59, 137, 227
List the prime factors of 691142124.
2, 3, 199, 289423
What are the prime factors of 4927217407?
7, 31, 22706071
What are the prime factors of 155151943?
29, 5350067
What are the prime factors of 1772187464?
2, 127, 1744279
What are the prime factors of 3576549627?
3, 7, 18923543
What are the prime factors of 667856500?
2, 5, 373, 3581
List the prime factors of 319686356.
2, 11, 660509
What are the prime factors of 51703539?
3, 61, 359, 787
What are the prime factors of 2435790870?
2, 3, 5, 27064343
What are the prime factors of 6048058?
2, 643, 4703
List the prime factors of 1482946824.
2, 3, 211, 292841
List the prime factors of 104825082.
2, 3, 29, 109, 5527
What are the prime factors of 2737365?
3, 5, 41, 4451
What are the prime factors of 146502523?
2269, 64567
What are the prime factors of 191831472?
2, 3, 7, 31, 877
List the prime factors of 245148669.
3, 443, 61487
List the prime factors of 127931256.
2, 3, 17, 19, 5501
What are the prime factors of 1206459904?
2, 13, 73, 191
What are the prime factors of 85619391?
3, 11, 13, 109, 1831
What are the prime factors of 1263694175?
5, 23, 97, 139, 163
List the prime factors of 273064946.
2, 7, 11, 253307
List the prime factors of 116706353.
29, 4024357
List the prime factors of 42938213.
47, 913579
What are the prime factors of 18596052?
2, 3, 23, 37, 607
List the prime factors of 1916951788.
2, 157, 3052471
List the prime factors of 85954432.
2, 671519
What are the prime factors of 25742763?
3, 2860307
List the prime factors of 2471539686.
2, 3, 7, 11, 1013, 5281
What are the prime factors of 16152370?
2, 5, 13, 124249
What are the prime factors of 494990532?
2, 3, 53, 259429
What are the prime factors of 636492554?
2, 318246277
List the prime factors of 1175334150.
2, 3, 5, 307, 25523
List the prime factors of 5856550057.
2377, 2463841
What are the prime factors of 725670395?
5, 1129, 128551
List the prime factors of 130294177.
13, 307, 32647
List the prime factors of 635398368.
2, 3, 11, 23, 26161
What are the prime factors of 643642282?
2, 53, 6072097
What are the prime factors of 580403929?
7, 1069, 77563
List the prime factors of 714494955.
3, 5, 17, 2801941
What are the prime factors of 2129619353?
79, 4993, 5399
List the prime factors of 38184280.
2, 5, 179, 5333
What are the prime factors of 228284227?
228284227
List the prime factors of 553618398.
2, 3, 31, 199, 14957
List the prime factors of 77332326.
2, 3, 12888721
List the prime factors of 377351753.
377351753
What are the prime factors of 2476007195?
5, 5393, 91823
What are the prime factors of 44304791?
44304791
What are the prime factors of 1587678880?
2, 5, 37, 268189
What are the prime factors of 434550601?
71, 701, 8731
List the prime factors of 848216487.
3, 19, 41, 362951
What are the prime factors of 128824789?
59, 2183471
What are the prime factors of 1912831467?
3, 8623, 73943
What are the prime factors of 213003124?
2, 71, 787, 953
What are the prime factors of 319545955?
5, 63909191
List the prime factors of 483416757.
3, 53712973
List the prime factors of 238635970.
2, 5, 17, 71, 1163
What are the prime factors of 975228859?
11, 1423, 62303
List the prime factors of 156393499.
6709, 23311
List the prime factors of 149913113.
7, 89, 240631
What are the prime factors of 167438562?
2, 3, 27906427
What are the prime factors of 18645945?
3, 5, 89, 13967
List the prime factors of 77791281.
3, 1103, 23509
What are the prime factors of 1035074186?
2, 37, 13987489
List the prime factors of 548376823.
139, 3945157
What are the prime factors of 3001154064?
2, 3, 37, 1163, 1453
List the prime factors of 130244138.
2, 65122069
List the prime factors of 74255887.
74255887
List the prime factors of 51389783.
51389783
List the prime factors of 94839534.
2, 3, 23, 229081
What are the prime factors of 5981449?
23, 41, 6343
What are the prime factors of 166601141?
7, 4423, 5381
List the prime factors of 1489587411.
3, 13, 73, 523213
List the prime factors of 52214263.
52214263
What are the prime factors of 64643263?
19, 3402277
What are the prime factors of 200668354?
2, 100334177
What are the prime factors of 390564688?
2, 41, 595373
List the prime factors of 190816462.
2, 29, 397, 8287
What are the prime factors of 126822873?
3, 17, 47, 157, 337
What are the prime factors of 11240981?
1303, 8627
List the prime factors of 43760302.
2, 61, 358691
What are the prime factors of 1295780296?
2, 161972537
List the prime factors of 2843217515.
5, 283, 739, 2719
List the prime factors of 199709510.
2, 5, 7, 11, 13, 71, 281
What are the prime factors of 556935050?
2, 5, 7, 617, 2579
What are the prime factors of 59466224?
2, 23, 283, 571
List the prime factors of 632287858.
2, 83, 3808963
List the prime factors of 83450953.
1151, 72503
What are the prime factors of 41779775?
5, 1671191
What are the prime factors of 1342055345?
5, 268411069
What are the prime factors of 2811230493?
3, 28579, 32789
What are the prime factors of 770661916?
2, 101, 487, 3917
List the prime factors of 411600096.
2, 3, 449, 1061
What are the prime factors of 200354717?
200354717
List the prime factors of 1228109026.
2, 614054513
What are the prime factors of 1295465745?
3, 5, 7, 12337769
What are the prime factors of 147388283?
7, 17, 53, 23369
List the prime factors of 60726634.
2, 30363317
What are the prime factors of 180908541?
3, 11, 577, 3167
What are the prime factors of 44652607?
2203, 20269
List the prime factors of 531073182.
2, 3, 1117, 79241
What are the prime factors of 206692675?
5, 7, 103, 11467
List the prime factors of 409817694.
2, 3, 11, 13, 67, 7129
List the prime factors of 257033590.
2, 5, 11, 491, 4759
List the prime factors of 659045409.
3, 11, 17, 1174769
What are the prime factors of 40252154?
2, 20126077
List the prime factors of 518670150.
2, 3, 5, 3457801
What are the prime factors of 727782132?
2, 3, 7, 11,